h + s*h - 220 = 0. What is the tens digit of h?
5
Suppose -8*b + 12*b + 5397 = u, 0 = 2*u - b - 10773. What is the hundreds digit of u?
3
Let b(v) = 1106*v**2 + 21*v - 23. What is the tens digit of b(1)?
0
Let l(s) = -s**3 + 14*s**2 + 24*s - 21. Let j be l(-9). Suppose 9*u - 5*u - x = j, 5*u = 4*x + 2027. What is the units digit of u?
7
Let d be (3/2)/(1 + (-21)/12). Let q be ((-27)/6 - -3)*d. Suppose q*y - 52 = -4*c, -c + 4*c = -y + 9. What is the tens digit of y?
2
Suppose 23180*h = 23184*h - 29936. What is the hundreds digit of h?
4
Suppose 3*h + 4 = -4*j, 2*h - j + 3*j = 0. Suppose 0 = -h*y - y + 3*y. Suppose 2*o + y*p + 18 = -5*p, 0 = 3*o - 4*p - 19. What is the units digit of o?
1
Let z = -1460 + 1453. Suppose 0 = -4*x + 2*x + 84. What is the tens digit of (-1894)/z + x/98?
7
Let m be (-29294)/(-14) - (-261)/(-609). Suppose -24*z + 20*z = -5*o + 2597, -m = -4*o - 4*z. What is the units digit of o?
1
Suppose 0 = -5*l - 4*z + 336371, -94*l - 5*z - 336290 = -99*l. What is the thousands digit of l?
7
Let d(t) = 20*t**3 - 11*t**2 + 4*t + 13. Let o be d(4). Suppose 4452 = 4*f + 4*x, -f - x - 4*x = -o. What is the units digit of f?
8
Let l(b) = b**2 - 4*b + 5. Let o be l(5). Let m be 4/20 + 3778/o. Suppose -3*s + m = -99. What is the units digit of s?
9
Let r be 105/9 + 4/(-6). Suppose -8843 = -r*a + 5908. What is the hundreds digit of a?
3
Let x be 20/(-5) + 2 - -6. Suppose x*c - 5*c - 123 = -5*r, 4*r = -c + 102. What is the tens digit of (-8)/4 + 1 + r?
2
Suppose 2*m + 4*m = 9*m. Suppose -4*g + 455 = r, m = -4*r - 3*g + 828 + 979. What is the units digit of r?
1
Let m(v) = -v**3 - 5*v**2 - 2*v - 6. Let p be m(-5). Suppose -2*c + 1020 = 4*t - 2*t, 5*c + 2067 = p*t. What is the tens digit of t?
1
Suppose -j = 2*j - 246. Suppose 2*n - 9 = -2*r + 31, j = 4*n + 5*r. What is the tens digit of 11*(n + (3 - 0 - 6))?
6
Let r = -48 + 1311. Suppose -4*n + 1489 = y, -4*n = 2*y - 223 - r. What is the hundreds digit of n?
3
Suppose -2*m - 38 + 60 = 0. Suppose m*r + 3836 = 25*r. What is the hundreds digit of r?
2
Let w = -26321 + 72093. What is the tens digit of w?
7
Suppose 5*h = 2*d - 6*d - 186, 4*h + 2*d = -150. Let j(b) = -b**2 + 7*b + 3. Let y be j(-4). Let p = h - y. What is the units digit of p?
3
Let p(i) = 82*i**2 - 61*i + 76. What is the hundreds digit of p(10)?
6
Suppose w + 27 = 5*d, 3*d + 2*w - 7 = -2*w. Let o be ((-14)/4)/(d/50). Let q = -15 - o. What is the tens digit of q?
2
Let m be 87 - (0 + 0) - (-12 + 10). Suppose -85*a = -m*a. Suppose a = 24*g - 22*g - 340. What is the units digit of g?
0
Suppose -81461 - 385835 = -26*d - 32628. What is the thousands digit of d?
6
Let d(j) = j**3 + 15*j**2 + 13*j - 17. Let f be d(-14). Let c be -1*(-5 + -1)*f/2. Let p(a) = 4*a + 47. What is the tens digit of p(c)?
1
Suppose -121*q + 451651 = -460716 - 565890. What is the tens digit of q?
1
Let l(s) = 42*s**2 - 35*s - 21. What is the tens digit of l(7)?
9
Let u = 131 - -84. Suppose 0 = -2*d - 5*m - u, 6*m - 85 = d + 4*m. Let q = -94 - d. What is the units digit of q?
1
Suppose -72*z + 1952 = -11*z. Suppose -3*c + 12 = 3. Suppose -2*l = c*x - z, -2*x = x - 5*l - 67. What is the tens digit of x?
1
Let m(x) = -133*x + 36812. What is the tens digit of m(0)?
1
Let x = 83 - 93. What is the hundreds digit of 8/x*(-151 - (5 - 11))?
1
Let v = 6070 + 301. What is the tens digit of v?
7
Let b = -88 - -146. Let i = -65 + b. What is the tens digit of 3 + (i - -4 - (-15 + 0))?
1
What is the ten thousands digit of (-7380)/(-210)*3598/4?
3
Suppose 10800 = 5*c + 7*c. Let h = c + -488. What is the tens digit of h?
1
Suppose 238 = 7*a + 7*a. Let z = a + 43. What is the tens digit of z?
6
Let z = 48 - 50. Let v be 0 + 12/(-2)*(-71)/z. What is the units digit of (-3)/(36/v) - (-6)/(-8)?
7
Suppose -15 = -5*s + o, o + 23 = 2*s + 4*o. Let k be (-3*s)/((-3)/2). Suppose 2*a - k*a + 378 = 0. What is the units digit of a?
3
Let p = 2597 - 242. What is the units digit of p?
5
Let l(m) = -3429*m - 4424. What is the thousands digit of l(-11)?
3
Let y(u) = u**3 - 4*u**2 + u + 5. Let c be y(3). Let s = -64 - -66. What is the hundreds digit of s - (1/c + -184)?
1
Let t(m) be the first derivative of -2*m**2 + 34*m + 26. Let x be t(8). Suppose -i = i - x*d - 12, 2*i + d + 3 = 0. What is the units digit of i?
1
Suppose 6511476 = 2374*j - 2306*j. What is the ten thousands digit of j?
9
Let q = -6031 + 9229. Suppose 0 = 3*t - q - 1326. What is the units digit of t?
8
Let p = 11 - 3. Suppose 468 = 2*o + p. Let g = -103 + o. What is the tens digit of g?
2
Let q(n) = -4091*n - 326. What is the thousands digit of q(-2)?
7
Let s(n) = -n**2 + 2*n - 2. Let x be s(4). Let p = x + 14. Suppose -5*f - p*d + 451 = 0, -2*f + 0*d + 180 = 2*d. What is the tens digit of f?
9
Suppose 4*h + 4*r + 9 = 1333, 0 = h + 4*r - 331. Suppose h*t = 328*t + 1911. What is the units digit of t?
7
Let s be (-4)/(-24) + 174/36. What is the tens digit of (176/s)/(54/2025)?
2
Suppose -3*r = 23 + 22. What is the hundreds digit of ((-5920)/120)/(2/r)?
3
Suppose l - 5 = 0, k - 4*l - 3250 = l. Suppose -6*y + k = -3*y + 2*b, -y + 4*b + 1101 = 0. What is the thousands digit of y?
1
Let c = -4218 - -22009. What is the tens digit of c?
9
Let d(x) = 0 - 6*x - 5*x - 8. Let w be ((-90)/(-21))/((-48)/168). What is the units digit of d(w)?
7
Suppose -5*c + 279094 = 10*c + 39784. What is the thousands digit of c?
5
Let z(x) = -19*x - 13. Let m be z(-13). Let l = -154 + m. Suppose 24*g - 28*g = -l. What is the units digit of g?
0
Suppose -90*k = -4*y - 93*k + 13135, k = -y + 3282. What is the units digit of y?
9
Let j(y) = y**2 - 39*y + 20860. What is the units digit of j(0)?
0
Suppose 24*i = 6661 + 35. Suppose 7*v - 1702 = i. What is the hundreds digit of v?
2
Suppose 0 = 12077*s - 12083*s + 40446. What is the tens digit of s?
4
Let q(y) = -y**3 + 8*y**2 - 5*y - 12. Let l be q(7). What is the units digit of (8/(-24))/(l/6) + 341?
0
Let s be (-10)/(-60) - (-209)/6. Suppose 41*m - s*m - 3096 = 0. What is the tens digit of m?
1
Let t be (-84)/28*(-2 + 83). Let h = 419 + t. What is the hundreds digit of h?
1
Suppose 0 = -q + 2*k + 106, 2*q - 2*k = -5*k + 240. Let h = 564 - q. What is the tens digit of h?
5
Suppose -3*i = 3, 673*i + 43314 = 5*x + 674*i. What is the tens digit of x?
6
Suppose 3*v - 69892 = -s, 249*v = 245*v - s + 93192. What is the hundreds digit of v?
3
Let x(u) = 80*u**2 - 157*u + 38. What is the ten thousands digit of x(13)?
1
Let f = -3 - -3. Suppose f = -6*x + 10*x + 100. What is the units digit of (-30)/4*(90/x)/3?
9
Let d be (-58255 + 5)/(-10) - 0/(-1). What is the units digit of 25/10 + d/10?
5
Let v = -189 - -27. What is the units digit of -3 - (-46)/18 - 126432/v?
0
Let t(v) = -2*v**3 - 12*v**2 - v + 31. Let a(l) = l**3 + 5*l**2 + l - 16. Let k(q) = -7*a(q) - 4*t(q). What is the units digit of k(-12)?
8
Suppose 0 = -145*h + 157216 + 1014239. What is the tens digit of h?
7
Suppose -18*b = 89947 - 377929. What is the hundreds digit of b?
9
Suppose -3*i + 4*z = -26, 10 = 2*i - 0*z + z. What is the tens digit of (-10)/(-5)*-1 + i*40?
3
Suppose 5 = 5*n - y - 10, -3*y = -15. Suppose -v = -5*v - 4*g + 16, 4*g - n = 0. Suppose 2*x - 305 = -v*x. What is the units digit of x?
1
Suppose 0 = 5*z - 25, 0 = -5*t + 5*z + 94 + 166. Let l(c) = -t - 6*c + 96 - 2*c**2 + 128 + 2*c + c**3. What is the hundreds digit of l(0)?
1
Let r(a) = -a**3 + a**2 + 3. Let z be r(0). Suppose -2*k = -5*i + 192 + 78, z*k = 0. Suppose -4*d + i = g, -258 = -3*g - g - 2*d. What is the units digit of g?
6
Let n(m) = m**2 + m + 2. Let k be n(-1). What is the hundreds digit of (-2842)/(-12) + k/(-12)*-1?
2
Let o(n) be the first derivative of 4*n**2 - n - 14. What is the tens digit of o(11)?
8
Suppose -3*k + 13*i = 10*i - 18348, 6144 = k - 5*i. What is the tens digit of k?
0
Suppose -23*w - 63*w + 312816 = -62*w. What is the thousands digit of w?
3
Suppose 21*z - 112 = 29*z. Let g(h) = 11 - 37 + 27 - 11*h + 19. What is the hundreds digit of g(z)?
1
Let z(k) = 403*k - 2. Let p be z(2). Let c = p + -436. What is the tens digit of c?
6
Suppose 4*c + 2*c = 174. Let x = -8 + c. Suppose 2*f - 38 = -r + 2, -x = -f - r. What is the tens digit of f?
1
Let s(p) = -12*p**2 + 75*p + 43. Let h(v) = 19*v**2 - 113*v - 64. Let r(i) = 5*h(i) + 8*s(i). What is the units digit